{"id":14,"date":"2025-11-30T00:22:39","date_gmt":"2025-11-30T00:22:39","guid":{"rendered":"https:\/\/www.hilgelo.de\/?page_id=14"},"modified":"2025-11-30T00:22:39","modified_gmt":"2025-11-30T00:22:39","slug":"lokale-gastronomie-essen-und-trinken-in-hilgelo","status":"publish","type":"page","link":"https:\/\/www.hilgelo.de\/?page_id=14","title":{"rendered":"Lokale Gastronomie: Essen und Trinken in Hilgelo"},"content":{"rendered":"\n<p>Ein wichtiger Bestandteil jeder Reise ist die Erkundung der lokalen K\u00fcche, und Hilgelo entt\u00e4uscht hier ganz sicher nicht. Die kulinarische Szene in Hilgelo ist vielf\u00e4ltig und bietet eine gro\u00dfe Auswahl an Restaurants, die von traditionellen niederl\u00e4ndischen Gerichten bis hin zu internationalen Spezialit\u00e4ten alles anbieten. Einer der besten Orte, um die lokale K\u00fcche zu genie\u00dfen, ist die historische Altstadt mit ihren zahlreichen gem\u00fctlichen Caf\u00e9s und Restaurants, die k\u00f6stliche Speisen servieren. Auch das Sevink Molen, direkt neben Hilgelo, ist einen Besuch wert und bietet einige wirklich leckere Gerichte.<\/p>\n\n\n\n<p>Eine Spezialit\u00e4t, die Sie bei Ihrem Besuch in Hilgelo unbedingt probieren sollten, ist der \u201eHilgeloer Stamppot\u201c. Dieses traditionelle niederl\u00e4ndische Gericht besteht aus Kartoffeln, Gem\u00fcse und Fleisch und wird oft mit verschiedenen Beilagen wie Essiggurken und Senf serviert. Viele Restaurants vor Ort haben ihre eigene, einzigartige Interpretation dieses Klassikers, sodass es sich lohnt, ihn zu probieren. Vergessen Sie nicht, ihn mit einem lokal gebrauten Bier oder einem Glas w\u00fcrzigem Genever zu kombinieren, um das Geschmackserlebnis abzurunden.<\/p>\n\n\n\n<p>F\u00fcr alle, die ein gehobeneres kulinarisches Erlebnis suchen, bietet Hilgelo auch einige exzellente Restaurants der gehobenen Klasse. Diese Restaurants vereinen traditionelle Aromen mit modernen Kochtechniken und kreieren so einzigartige und geschmackvolle Gerichte. Viele dieser Lokale verwenden frische, regionale Zutaten, um h\u00f6chste Qualit\u00e4t und besten Geschmack zu garantieren. Ob gem\u00fctliches Caf\u00e9 oder schickes Restaurant \u2013 die kulinarischen Angebote von Hilgelo werden Sie begeistern.<\/p>\n","protected":false},"excerpt":{"rendered":"<p>Ein wichtiger Bestandteil jeder Reise ist die Erkundung der lokalen K\u00fcche, und Hilgelo entt\u00e4uscht hier ganz sicher nicht. Die kulinarische Szene in Hilgelo ist vielf\u00e4ltig und bietet eine gro\u00dfe Auswahl an Restaurants, die von traditionellen niederl\u00e4ndischen Gerichten bis hin zu internationalen Spezialit\u00e4ten alles anbieten. Einer der besten Orte, um die lokale K\u00fcche zu genie\u00dfen, ist &hellip; <a href=\"https:\/\/www.hilgelo.de\/?page_id=14\" class=\"more-link\">Continue reading <span class=\"screen-reader-text\">Lokale Gastronomie: Essen und Trinken in Hilgelo<\/span><\/a><\/p>\n","protected":false},"author":1,"featured_media":0,"parent":0,"menu_order":0,"comment_status":"closed","ping_status":"closed","template":"","meta":{"footnotes":""},"class_list":["post-14","page","type-page","status-publish","hentry"],"_links":{"self":[{"href":"https:\/\/www.hilgelo.de\/index.php?rest_route=\/wp\/v2\/pages\/14","targetHints":{"allow":["GET"]}}],"collection":[{"href":"https:\/\/www.hilgelo.de\/index.php?rest_route=\/wp\/v2\/pages"}],"about":[{"href":"https:\/\/www.hilgelo.de\/index.php?rest_route=\/wp\/v2\/types\/page"}],"author":[{"embeddable":true,"href":"https:\/\/www.hilgelo.de\/index.php?rest_route=\/wp\/v2\/users\/1"}],"replies":[{"embeddable":true,"href":"https:\/\/www.hilgelo.de\/index.php?rest_route=%2Fwp%2Fv2%2Fcomments&post=14"}],"version-history":[{"count":1,"href":"https:\/\/www.hilgelo.de\/index.php?rest_route=\/wp\/v2\/pages\/14\/revisions"}],"predecessor-version":[{"id":16,"href":"https:\/\/www.hilgelo.de\/index.php?rest_route=\/wp\/v2\/pages\/14\/revisions\/16"}],"wp:attachment":[{"href":"https:\/\/www.hilgelo.de\/index.php?rest_route=%2Fwp%2Fv2%2Fmedia&parent=14"}],"curies":[{"name":"wp","href":"https:\/\/api.w.org\/{rel}","templated":true}]}}